{"id":240,"date":"2024-01-18T18:45:03","date_gmt":"2024-01-18T21:45:03","guid":{"rendered":"https:\/\/peblubrificantes.com.br\/?post_type=product&#038;p=240"},"modified":"2024-01-18T18:45:40","modified_gmt":"2024-01-18T21:45:40","slug":"oleos-sinteticos","status":"publish","type":"product","link":"https:\/\/peblubrificantes.com.br\/index.php\/produto\/oleos-sinteticos\/","title":{"rendered":"\u00d3leos Sint\u00e9ticos"},"content":{"rendered":"","protected":false},"excerpt":{"rendered":"<p>Flu\u00eddos lubrificantes produzidos com alta tecnologia e preparados para v\u00e1rias aplica\u00e7\u00f5es industriais. Podem ser de base polialfaolefina (PAO), polialquilenoglicol (PAG), silicone e outros. Podendo ser com ou sem grau aliment\u00edcio.<\/p>\n<p><img decoding=\"async\" class=\"alignnone wp-image-238\" src=\"https:\/\/peblubrificantes.com.br\/wp-content\/uploads\/2024\/01\/selos-08-300x105.png\" alt=\"\" width=\"137\" height=\"48\" srcset=\"https:\/\/peblubrificantes.com.br\/wp-content\/uploads\/2024\/01\/selos-08-300x105.png 300w, https:\/\/peblubrificantes.com.br\/wp-content\/uploads\/2024\/01\/selos-08-1024x358.png 1024w, https:\/\/peblubrificantes.com.br\/wp-content\/uploads\/2024\/01\/selos-08-768x269.png 768w, https:\/\/peblubrificantes.com.br\/wp-content\/uploads\/2024\/01\/selos-08-1536x538.png 1536w, https:\/\/peblubrificantes.com.br\/wp-content\/uploads\/2024\/01\/selos-08-2048x717.png 2048w\" sizes=\"(max-width: 137px) 100vw, 137px\" \/><\/p>\n[wpforms id=\"48\" title=\"true\"]\n","protected":false},"featured_media":241,"template":"","meta":{"neve_meta_sidebar":"","neve_meta_container":"","neve_meta_enable_content_width":"off","neve_meta_content_width":100,"neve_meta_title_alignment":"","neve_meta_author_avatar":"","neve_post_elements_order":"","neve_meta_disable_header":"","neve_meta_disable_footer":"","neve_meta_disable_title":""},"product_brand":[],"product_cat":[18],"product_tag":[],"class_list":{"0":"post-240","1":"product","2":"type-product","3":"status-publish","4":"has-post-thumbnail","6":"product_cat-lubrificante-industrial","8":"first","9":"instock","10":"shipping-taxable","11":"product-type-simple"},"_links":{"self":[{"href":"https:\/\/peblubrificantes.com.br\/index.php\/wp-json\/wp\/v2\/product\/240","targetHints":{"allow":["GET"]}}],"collection":[{"href":"https:\/\/peblubrificantes.com.br\/index.php\/wp-json\/wp\/v2\/product"}],"about":[{"href":"https:\/\/peblubrificantes.com.br\/index.php\/wp-json\/wp\/v2\/types\/product"}],"wp:featuredmedia":[{"embeddable":true,"href":"https:\/\/peblubrificantes.com.br\/index.php\/wp-json\/wp\/v2\/media\/241"}],"wp:attachment":[{"href":"https:\/\/peblubrificantes.com.br\/index.php\/wp-json\/wp\/v2\/media?parent=240"}],"wp:term":[{"taxonomy":"product_brand","embeddable":true,"href":"https:\/\/peblubrificantes.com.br\/index.php\/wp-json\/wp\/v2\/product_brand?post=240"},{"taxonomy":"product_cat","embeddable":true,"href":"https:\/\/peblubrificantes.com.br\/index.php\/wp-json\/wp\/v2\/product_cat?post=240"},{"taxonomy":"product_tag","embeddable":true,"href":"https:\/\/peblubrificantes.com.br\/index.php\/wp-json\/wp\/v2\/product_tag?post=240"}],"curies":[{"name":"wp","href":"https:\/\/api.w.org\/{rel}","templated":true}]}}